{"id":1031,"date":"2025-01-21T21:09:33","date_gmt":"2025-01-21T21:09:33","guid":{"rendered":"https:\/\/gabba-nation.com\/?post_type=product&#038;p=1031"},"modified":"2026-04-11T09:15:41","modified_gmt":"2026-04-11T09:15:41","slug":"first-compilation-the-best-of-ten-years-release-2002","status":"publish","type":"product","link":"https:\/\/gabba-nation.com\/?product=first-compilation-the-best-of-ten-years-release-2002","title":{"rendered":"First Compilation"},"content":{"rendered":"<div id=\"content\" class=\"twentyeleven\" role=\"main\"><strong>First Compilation <\/strong><strong>-the best of ten years- Release 2002 \/ <\/strong>Compact Disc<\/div>\n<div class=\"woocommerce-tabs wc-tabs-wrapper\">\n<div id=\"tab-description\" class=\"woocommerce-Tabs-panel woocommerce-Tabs-panel--description panel entry-content wc-tab\" role=\"tabpanel\" aria-labelledby=\"tab-title-description\">\n<p>&nbsp;<\/p>\n<p>&nbsp;<\/p>\n<p>&nbsp;<\/p>\n<p>&nbsp;<\/p>\n<p><em>\u00a0<\/em><\/p>\n<\/div>\n<\/div>\n","protected":false},"excerpt":{"rendered":"<p>First Compilation -the best of ten years- Release 2002 \/ Compact Disc &nbsp; &nbsp; &nbsp; &nbsp; \u00a0<\/p>\n","protected":false},"featured_media":1032,"comment_status":"closed","ping_status":"closed","template":"","meta":{"jetpack_post_was_ever_published":false,"jetpack_publicize_message":"","jetpack_publicize_feature_enabled":true,"jetpack_social_post_already_shared":true,"jetpack_social_options":{"image_generator_settings":{"template":"highway","default_image_id":0,"font":"","enabled":false},"version":2}},"product_brand":[],"product_cat":[8],"product_tag":[],"class_list":{"0":"post-1031","1":"product","2":"type-product","3":"status-publish","4":"has-post-thumbnail","6":"product_cat-merch","8":"first","9":"instock","10":"taxable","11":"shipping-taxable","12":"purchasable","13":"product-type-simple"},"jetpack_publicize_connections":[],"jetpack-related-posts":[{"id":1308,"url":"https:\/\/gabba-nation.com\/?product=dj-beagle-ep-the-anniversary","url_meta":{"origin":1031,"position":0},"title":"DJ BEAGLE EP -THE ANNIVERSARY-","author":"Fabian Baum","date":"M\u00e4rz 9, 2026","format":false,"excerpt":"Release 25|04|26 DJ BEAGLE \u2013 THE ANNIVERSARY EP GNR09 Release 2026 \/ Vinyl Schallplatte EP Die neue Vinyl von Gabba Nation Records. Titel auf der Platte: JAGGED - BEAGLE BLAZIN - APAC TO BETTEL \u2013 THE DESTROYER REMIX AAAARGGGGGHHHH - KCMA vs. BEAGLE \u00a0 \u00a0 \u00a0","rel":"","context":"\u00c4hnlicher Beitrag","block_context":{"text":"\u00c4hnlicher Beitrag","link":""},"img":{"alt_text":"","src":"https:\/\/i0.wp.com\/gabba-nation.com\/wp-content\/uploads\/2026\/03\/gnr09_front.jpg?fit=1200%2C1192&ssl=1&resize=350%2C200","width":350,"height":200,"srcset":"https:\/\/i0.wp.com\/gabba-nation.com\/wp-content\/uploads\/2026\/03\/gnr09_front.jpg?fit=1200%2C1192&ssl=1&resize=350%2C200 1x, https:\/\/i0.wp.com\/gabba-nation.com\/wp-content\/uploads\/2026\/03\/gnr09_front.jpg?fit=1200%2C1192&ssl=1&resize=525%2C300 1.5x, https:\/\/i0.wp.com\/gabba-nation.com\/wp-content\/uploads\/2026\/03\/gnr09_front.jpg?fit=1200%2C1192&ssl=1&resize=700%2C400 2x, https:\/\/i0.wp.com\/gabba-nation.com\/wp-content\/uploads\/2026\/03\/gnr09_front.jpg?fit=1200%2C1192&ssl=1&resize=1050%2C600 3x"},"classes":[]},{"id":866,"url":"https:\/\/gabba-nation.com\/?product=866","url_meta":{"origin":1031,"position":1},"title":"Serialkiller","author":"v0r73x","date":"September 29, 2024","format":false,"excerpt":"Serialkiller GNR08 Release 2003 \/ Vinyl Schallplatte EP Eine sehr seltene Rarit\u00e4t, \u00fcber 20 Jahre sicher eingelagert und jetzt wieder erh\u00e4ltlich. Titel auf der Platte: Serialkiller - Sascha Unreal Trip - Der T\u00f6pper Asses of Fire - The Speedfreak Like this DJ - Fast Eddy \u00a0","rel":"","context":"\u00c4hnlicher Beitrag","block_context":{"text":"\u00c4hnlicher Beitrag","link":""},"img":{"alt_text":"","src":"https:\/\/i0.wp.com\/gabba-nation.com\/wp-content\/uploads\/2024\/09\/GNR-08-Vorderseite-scaled.jpg?fit=1200%2C901&ssl=1&resize=350%2C200","width":350,"height":200,"srcset":"https:\/\/i0.wp.com\/gabba-nation.com\/wp-content\/uploads\/2024\/09\/GNR-08-Vorderseite-scaled.jpg?fit=1200%2C901&ssl=1&resize=350%2C200 1x, https:\/\/i0.wp.com\/gabba-nation.com\/wp-content\/uploads\/2024\/09\/GNR-08-Vorderseite-scaled.jpg?fit=1200%2C901&ssl=1&resize=525%2C300 1.5x, https:\/\/i0.wp.com\/gabba-nation.com\/wp-content\/uploads\/2024\/09\/GNR-08-Vorderseite-scaled.jpg?fit=1200%2C901&ssl=1&resize=700%2C400 2x, https:\/\/i0.wp.com\/gabba-nation.com\/wp-content\/uploads\/2024\/09\/GNR-08-Vorderseite-scaled.jpg?fit=1200%2C901&ssl=1&resize=1050%2C600 3x"},"classes":[]}],"jetpack_sharing_enabled":true,"_links":{"self":[{"href":"https:\/\/gabba-nation.com\/index.php?rest_route=\/wp\/v2\/product\/1031","targetHints":{"allow":["GET"]}}],"collection":[{"href":"https:\/\/gabba-nation.com\/index.php?rest_route=\/wp\/v2\/product"}],"about":[{"href":"https:\/\/gabba-nation.com\/index.php?rest_route=\/wp\/v2\/types\/product"}],"replies":[{"embeddable":true,"href":"https:\/\/gabba-nation.com\/index.php?rest_route=%2Fwp%2Fv2%2Fcomments&post=1031"}],"wp:featuredmedia":[{"embeddable":true,"href":"https:\/\/gabba-nation.com\/index.php?rest_route=\/wp\/v2\/media\/1032"}],"wp:attachment":[{"href":"https:\/\/gabba-nation.com\/index.php?rest_route=%2Fwp%2Fv2%2Fmedia&parent=1031"}],"wp:term":[{"taxonomy":"product_brand","embeddable":true,"href":"https:\/\/gabba-nation.com\/index.php?rest_route=%2Fwp%2Fv2%2Fproduct_brand&post=1031"},{"taxonomy":"product_cat","embeddable":true,"href":"https:\/\/gabba-nation.com\/index.php?rest_route=%2Fwp%2Fv2%2Fproduct_cat&post=1031"},{"taxonomy":"product_tag","embeddable":true,"href":"https:\/\/gabba-nation.com\/index.php?rest_route=%2Fwp%2Fv2%2Fproduct_tag&post=1031"}],"curies":[{"name":"wp","href":"https:\/\/api.w.org\/{rel}","templated":true}]}}